
0
What is the thousands digit of 5179?
5
What is the hundreds digit of 29462?
4
What is the hundreds digit of 12907?
9
What is the ten thousands digit of 51020?
5
What is the units digit of 55373?
3
What is the hundreds digit of 1376?
3
What is the thousands digit of 51931?
1
What is the hundreds digit of 16523?
5
What is the units digit of 1774?
4
What is the tens digit of 721?
2
What is the tens digit of 20596?
9
What is the tens digit of 733?
3
What is the units digit of 759?
9
What is the units digit of 4916?
6
What is the units digit of 30758?
8
What is the tens digit of 2105?
0
What is the thousands digit of 48916?
8
What is the tens digit of 3404?
0
What is the units digit of 65610?
0
What is the thousands digit of 2055?
2
What is the hundreds digit of 30961?
9
What is the hundreds digit of 3014?
0
What is the hundreds digit of 1682?
6
What is the units digit of 23341?
1
What is the hundreds digit of 5417?
4
What is the tens digit of 75910?
1
What is the thousands digit of 8749?
8
What is the tens digit of 44?
4
What is the units digit of 7422?
2
What is the units digit of 8369?
9
What is the units digit of 974?
4
What is the tens digit of 2284?
8
What is the hundreds digit of 5284?
2
What is the hundreds digit of 2536?
5
What is the hundreds digit of 1585?
5
What is the hundreds digit of 5371?
3
What is the thousands digit of 2228?
2
What is the tens digit of 273?
7
What is the thousands digit of 7385?
7
What is the units digit of 10556?
6
What is the tens digit of 2206?
0
What is the units digit of 351?
1
What is the tens digit of 837?
3
What is the units digit of 207?
7
What is the hundreds digit of 18463?
4
What is the ten thousands digit of 35139?
3
What is the tens digit of 4272?
7
What is the units digit of 143?
3
What is the units digit of 8868?
8
What is the thousands digit of 2922?
2
What is the ten thousands digit of 19802?
1
What is the hundreds digit of 2235?
2
What is the units digit of 6503?
3
What is the units digit of 21272?
2
What is the thousands digit of 1724?
1
What is the thousands digit of 3579?
3
What is the thousands digit of 4279?
4
What is the thousands digit of 3090?
3
What is the thousands digit of 3186?
3
What is the tens digit of 4342?
4
What is the tens digit of 1770?
7
What is the tens digit of 11505?
0
What is the units digit of 2375?
5
What is the units digit of 1373?
3
What is the units digit of 1892?
2
What is the ten thousands digit of 12139?
1
What is the hundreds digit of 109480?
4
What is the units digit of 25704?
4
What is the ten thousands digit of 73044?
7
What is the thousands digit of 55664?
5
What is the units digit of 1344?
4
What is the units digit of 6367?
7
What is the tens digit of 27?
2
What is the ten thousands digit of 35400?
3
What is the hundreds digit of 211?
2
What is the units digit of 13929?
9
What is the tens digit of 9000?
0
What is the hundreds digit of 9884?
8
What is the tens digit of 365?
6
What is the thousands digit of 1940?
1
What is the hundreds digit of 3328?
3
What is the thousands digit of 1159?
1
What is the tens digit of 218?
1
What is the thousands digit of 1333?
1
What is the units digit of 10722?
2
What is the hundreds digit of 34051?
0
What is the units digit of 804?
4
What is the hundreds digit of 3653?
6
What is the units digit of 9354?
4
What is the ten thousands digit of 66668?
6
What is the tens digit of 6590?
9
What is the tens digit of 752?
5
What is the ten thousands digit of 30657?
3
What is the thousands digit of 19863?
9
What is the thousands digit of 5680?
5
What is the hundreds digit of 719?
7
What is the hundreds digit of 73187?
1
What is the hundreds digit of 15778?
7
What is the units digit of 909?
9
What is the thousands digit of 1922?
1
What is the tens digit of 886?
8
What is the hundreds digit of 71067?
0
What is the units digit of 3774?
4
What is the hundreds digit of 151879?
8
What is the hundreds digit of 19276?
2
What is the thousands digit of 81113?
1
What is the units digit of 8800?
0
What is the tens digit of 1444?
4
What is the units digit of 24919?
9
What is the tens digit of 2438?
3
What is the tens digit of 14088?
8
What is the units digit of 1154?
4
What is the tens digit of 4986?
8
What is the hundreds digit of 2208?
2
What is the thousands digit of 1688?
1
What is the tens digit of 67347?
4
What is the thousands digit of 1874?
1
What is the tens digit of 2036?
3
What is the ten thousands digit of 33720?
3
What is the hundreds digit of 24805?
8
What is the tens digit of 1330?
3
What is the units digit of 12517?
7
What is the tens digit of 15828?
2
What is the thousands digit of 27072?
7
What is the units digit of 2643?
3
What is the ten thousands digit of 21470?
2
What is the thousands digit of 2295?
2
What is the tens digit of 29471?
7
What is the units digit of 1812?
2
What is the thousands digit of 138572?
8
What is the thousands digit of 2360?
2
What is the tens digit of 28411?
1
What is the tens digit of 17065?
6
What is the hundred thousands digit of 125397?
1
What is the units digit of 1853?
3
What is the thousands digit of 6694?
6
What is the hundreds digit of 13684?
6
What is the units digit of 3682?
2
What is the units digit of 13509?
9
What is the tens digit of 239?
3
What is the hundreds digit of 943?
9
What is the units digit of 1054?
4
What is the hundreds digit of 125105?
1
What is the thousands digit of 55370?
5
What is the thousands digit of 1153?
1
What is the tens digit of 3322?
2
What is the tens digit of 59381?
8
What is the tens digit of 8070?
7
What is the ten thousands digit of 34030?
3
What is the thousands digit of 30293?
0
What is the tens digit of 52288?
8
What is the thousands digit of 97409?
7
What is the units digit of 33456?
6
What is the tens digit of 462?
6
What is the thousands digit of 6087?
6
What is the thousands digit of 11113?
1
What is the hundreds digit of 5786?
7
What is the tens digit of 343?
4
What is the units digit of 4482?
2
What is the hundreds digit of 12022?
0
What is the units digit of 19179?
9
What is the tens digit of 7190?
9
What is the units digit of 12925?
5
What is the hundreds digit of 10638?
6
What is the tens digit of 30560?
6
What is the tens digit of 16963?
6
What is the units digit of 5699?
9
What is the units digit of 4223?
3
What is the tens digit of 101?
0
What is the ten thousands digit of 48734?
4
What is the units digit of 13?
3
What is the units digit of 4495?
5
What is the units digit of 68766?
6
What is the units digit of 85224?
4
What is the units digit of 81?
1
What is the thousands digit of 56164?
6
What is the hundreds digit of 6601?
6
What is the thousands digit of 10580?
0
What is the thousands digit of 103352?
3
What is the units digit of 760?
0
What is the units digit of 469?
9
What is the hundreds digit of 17442?
4
What is the hundreds digit of 40784?
7
What is the tens digit of 34126?
2
What is the tens digit of 1813?
1
What is the ten thousands digit of 20777?
2
What is the tens digit of 1483?
8
What is the tens digit of 1071?
7
What is the tens digit of 934?
3
What is the units digit of 73?
3
What is the ten thousands digit of 83988?
8
What is the hundreds digit of 2792?
7
What is the tens digit of 13312?
1
What is the units digit of 869?
9
What is the units digit of 2416?
6
What is the units digit of 43990?
0
What is the units digit of 3203?
3
What is the hundreds digit of 1196?
1
What is the tens digit of 370?
7
What is the tens digit of 947?
4
What is the thousands digit of 20275?
0
What is the units digit of 4291?
1
What is the hundreds digit of 15041?
0
What is the thousands digit of 1570?
1
What is the tens digit of 2390?
9
What is the units digit of 62466?
6
What is the tens digit of 19536?
3
What is the tens digit of 74841?
4
What is the ten thousands digit of 18399?
1
What is the thousands digit of 48480?
8
What is the tens digit of 3248?
4
What is the ten thousands digit of 20324?
2
What is the tens digit of 730?
3
What is the units digit of 2048?
8
What is the tens digit of 7835?
3
What is the tens digit of 930?
3
What is the tens digit of 325?
2
What is the tens digit of 10017?
1
What is the hundred thousands digit of 179662?
1
What is the ten thousands digit of 17685?
1
What is the tens digit of 419?
1
What is the hundreds 